 89, 31013
List the prime factors of 24132.
2, 3, 2011
What are the prime factors of 172154?
2, 86077
What are the prime factors of 7187274?
2, 3, 227, 1759
List the prime factors of 3928857.
3, 199, 6581
List the prime factors of 4925086.
2, 2462543
What are the prime factors of 63185?
5, 12637
List the prime factors of 3773077.
7, 11, 19, 2579
List the prime factors of 82763.
82763
List the prime factors of 392517.
3, 43613
List the prime factors of 207051.
3, 13, 5309
What are the prime factors of 346253?
181, 1913
What are the prime factors of 2586894?
2, 3, 241, 1789
What are the prime factors of 3243752?
2, 47, 8627
List the prime factors of 1236080.
2, 5, 15451
List the prime factors of 6086238.
2, 3, 17, 59669
List the prime factors of 579557.
11, 19, 47, 59
What are the prime factors of 953230?
2, 5, 19, 29, 173
List the prime factors of 75940.
2, 5, 3797
What are the prime factors of 514073?
7, 23, 31, 103
List the prime factors of 1602133.
13, 251, 491
What are the prime factors of 746611?
53, 14087
What are the prime factors of 1399909?
7, 227, 881
List the prime factors of 140839.
140839
What are the prime factors of 12777689?
59, 216571
What are the prime factors of 796036?
2, 127, 1567
List the prime factors of 2695828.
2, 59, 11423
List the prime factors of 2120215.
5, 67, 6329
List the prime factors of 10138151.
10138151
List the prime factors of 2272793.
89, 25537
What are the prime factors of 564883?
11, 89, 577
List the prime factors of 390020.
2, 5, 19501
List the prime factors of 7121533.
7121533
What are the prime factors of 19390782?
2, 3, 733, 4409
What are the prime factors of 1368322?
2, 751, 911
List the prime factors of 1351846.
2, 675923
List the prime factors of 19148293.
229, 83617
What are the prime factors of 13632?
2, 3, 71
What are the prime factors of 92483?
23, 4021
What are the prime factors of 197922?
2, 3, 32987
What are the prime factors of 426613?
11, 38783
List the prime factors of 3031751.
557, 5443
List the prime factors of 408299.
179, 2281
What are the prime factors of 372735?
3, 5, 11, 251
What are the prime factors of 3886073?
37, 127, 827
What are the prime factors of 1784629?
7, 11, 43
List the prime factors of 375864.
2, 3, 15661
List the prime factors of 1561170.
2, 3, 5, 13, 4003
What are the prime factors of 734851?
13, 56527
List the prime factors of 4247275.
5, 169891
List the prime factors of 13121840.
2, 5, 164023
What are the prime factors of 189957?
3, 23, 2753
List the prime factors of 220325.
5, 7, 1259
List the prime factors of 19701567.
3, 2189063
What are the prime factors of 34888875?
3, 5, 7, 13291
List the prime factors of 14533714.
2, 13, 229, 2441
What are the prime factors of 788867?
788867
List the prime factors of 5917164.
2, 3, 11, 23, 1949
What are the prime factors of 11523?
3, 23, 167
List the prime factors of 16913289.
3, 353, 15971
List the prime factors of 5340810.
2, 3, 5, 53, 3359
List the prime factors of 117287.
19, 6173
What are the prime factors of 1530448?
2, 41, 2333
What are the prime factors of 1645198?
2, 822599
What are the prime factors of 436780?
2, 5, 21839
List the prime factors of 6569891.
89, 73819
What are the prime factors of 329797?
13, 23, 1103
What are the prime factors of 1981044?
2, 3, 13, 17, 83
What are the prime factors of 1202386?
2, 601193
What are the prime factors of 331704?
2, 3, 17, 271
List the prime factors of 4473962.
2, 2236981
List the prime factors of 641471.
641471
List the prime factors of 1184141.
7, 139, 1217
List the prime factors of 588936.
2, 3, 53, 463
What are the prime factors of 633240?
2, 3, 5, 1759
List the prime factors of 17193.
3, 11, 521
List the prime factors of 5008029.
3, 13, 128411
What are the prime factors of 1678?
2, 839
What are the prime factors of 690068?
2, 172517
What are the prime factors of 13676190?
2, 3, 5, 11, 41443
What are the prime factors of 72290?
2, 5, 7229
What are the prime factors of 10539444?
2, 3, 878287
List the prime factors of 1970030.
2, 5, 197003
What are the prime factors of 255271?
397, 643
What are the prime factors of 8573198?
2, 4286599
List the prime factors of 284236.
2, 71059
List the prime factors of 1492177.
1492177
List the prime factors of 149700.
2, 3, 5, 499
List the prime factors of 20749392.
2, 3, 43, 1117
List the prime factors of 11361938.
2, 7, 79, 10273
What are the prime factors of 1404282?
2, 3, 11, 21277
List the prime factors of 1790804.
2, 447701
What are the prime factors of 660087?
3, 71, 1033
List the prime factors of 21282283.
11, 17, 113809
List the prime factors of 916.
2, 229
List the prime factors of 1596305.
5, 29, 101, 109
List the prime factors of 1518971.
1518971
What are the prime factors of 155013?
3, 163, 317
What are the prime factors of 295685?
5, 13, 4549
List the prime factors of 218518.
2, 17, 6427
What are the prime factors of 4374909?
3, 7, 11, 59, 107
What are the prime factors of 673482?
2, 3, 112247
What are the prime factors of 364490?
2, 5, 7, 41, 127
List the prime factors of 145488.
2, 3, 7, 433
What are the prime factors of 13360153?
181, 223, 331
List the prime factors of 288082.
2, 17, 37, 229
List the prime factors of 84299.
84299
What are the prime factors of 9067764?
2, 3, 293, 2579
What are the prime factors of 143000?
2, 5, 11, 13
List the prime factors of 15577.
37, 421
What are the prime factors of 381665?
5, 76333
What are the prime factors of 65576?
2, 7, 1171
What are the prime factors of 112027?
29, 3863
What are the prime factors of 113028?
2, 3, 9419
What are the prime factors of 16316820?
2, 3, 5, 13, 19, 367
What are the prime factors of 17782019?
113, 157363
List the prime factors of 22062080.
2, 5, 31, 139
List the prime factors of 22651106.
2, 17, 41, 16249
What are the prime factors of 3751091?
3751091
What are the prime factors of 8802080?
2, 5, 7, 29, 271
What are the prime factors of 3180107?
7, 149, 3049
List the prime factors of 864433.
17, 50849
What are the prime factors of 219394?
2, 7, 15671
What are the prime factors of 33192930?
2, 3, 5, 241, 4591
List the prime factors of 395633.
7, 56519
List the prime factors of 856361.
11, 127, 613
List the prime factors of 11366.
2, 5683
What are the prime factors of 50528?
2, 1579
What are the prime factors of 604447?
19, 29, 1097
What are the prime factors of 208248?
2, 3, 8677
What are the prime factors of 217882?
2, 7, 79, 197
List the prime factors of 1342736.
2, 83921
What are the prime factors of 4783906?
2, 2391953
List the prime factors of 327501.
3, 36389
List the prime factors of 5660033.
5660033
What are the prime factors of 3906411?
3, 1302137
What are the prime factors of 17805?
3, 5, 1187
What are the prime factors of 633482?
2, 383, 827
What are the prime factors of 11465377?
7, 11, 61, 2441
What are the prime factors of 44770147?
44770147
List the prime factors of 1032200.
2, 5, 13, 397
What are the prime factors of 912330?
2, 3, 5, 31, 109
List the prime factors of 9810706.
2, 4905353
What are the prime factors of 687752?
2, 13, 17, 389
What are the prime factors of 16284944?
2, 13, 59, 1327
What are the prime factors of 15109057?
15109057
What are the prime factors of 4721346?
2, 3, 7, 53, 101
List the prime factors of 5782114.
2, 13, 222389
List the prime factors of 27539469.
3, 73, 167, 251
What are the prime factors of 828065?
5, 7, 59, 401
List the prime factors of 358705.
5, 71741
List the prime factors of 21177375.
3, 5, 56473
List the prime factors of 7293088.
2, 11, 20719
What are the prime factors of 1975592?
2, 43, 5743
List the prime factors of 2792253.
3, 109, 8539
List the prime factors of 233753.
13, 17981
List the prime factors of 20864465.
5, 59, 107, 661
List the prime factors of 103297.
53, 1949
List the prime factors of 318439.
11, 28949
What are the prime factors of 673405?
5, 134681
List the prime factors of 148893.
3, 31, 1601
List the prime factors of 2488768.
2, 37, 1051
List the prime factors of 319159.
319159
List the prime factors of 793353.
3, 11, 29, 829
List the prime factors of 220318.
2, 7, 15737
List the prime factors of 97001.
97001
What are the prime factors of 310505?
5, 13, 17, 281
What are the prime factors of 9508008?
2, 3, 197, 2011
List the prime factors of 13491878.
2, 6745939
What are 